igit of a?
8
Let u(q) = -7*q - 4. Let o be u(-1). Suppose -l = -3*f + o*l + 1147, -5*l + 376 = f. What is the tens digit of f?
8
Let v be ((-46)/12 - -4)*6. Let d be 4/(v + 5/(-3)). Let f(p) = 2*p**2 + 10*p + 6. What is the tens digit of f(d)?
1
Let d be 3 + 347 - -2*(2 + -1). Let m = -104 + d. Suppose 2*j + 2*f + 2*f - 80 = 0, 0 = -5*j + 2*f + m. What is the units digit of j?
8
Suppose -u + 19575 = -5*v, 5*u = 2*u + 2*v + 58790. What is the tens digit of u?
0
Suppose 16*z = -29*z + 39*z + 417546. What is the hundreds digit of z?
5
Suppose -167*l + 865474 + 2894986 = -1200108. What is the units digit of l?
4
Let v = -349 - -351. Suppose -6024 = v*f - 10*f. What is the tens digit of f?
5
Let l(i) = i**3 - 16*i**2 - 30*i + 36. Let x(u) = u**2 - u - 1. Let t(y) = l(y) + 2*x(y). What is the units digit of t(16)?
4
Suppose 72645 = 32*o - 17*o. What is the units digit of o?
3
Suppose -3*j + 79*m + 76086 = 82*m, 4*m = j - 25357. What is the thousands digit of j?
5
Let z(d) = -d**2 - 5*d - 4. Let b be z(-2). What is the units digit of (1514/b - -8) + -1*3?
2
Suppose -8*o + 86 = -6*o. Suppose 1515 = -o*m + 48*m. What is the hundreds digit of m?
3
What is the tens digit of ((222318/(-36))/(-23))/(-2 - (-58)/28)?
5
Suppose 0 = 3*s + 3, -228*o = -224*o + s - 2379. What is the units digit of o?
5
Let m = -58 + 68. Suppose -m*b + 15*b = 70. What is the hundreds digit of (-8294)/(-77) - (-4)/b?
1
Let z = 108442 - 69894. What is the thousands digit of z?
8
Suppose -3665430 = 125*a + 256*a - 18831897. What is the tens digit of a?
0
Suppose -1299 = -5*r + 861. Let h = r - -30. What is the hundreds digit of h?
4
Let f = 123 - 126. Let v(p) = -188*p - 42. What is the units digit of v(f)?
2
What is the thousands digit of (-31851)/12*16/72*-24?
4
Let y = 44 - 46. Let j be (0 - 0)/((-5 - -3)/y). Suppose 0*b = -o - 3*b + 221, 2*o - 2*b - 450 = j. What is the tens digit of o?
2
Let d(b) = -174*b - 2284. What is the thousands digit of d(-96)?
4
Let z be (-6 - 1914/(-36))/((-5)/(-30)). Suppose 5*b - t - 24 = 0, -b - 2*b + 3*t = -24. Suppose 0 = b*f - z - 121. What is the units digit of f?
1
Let q(w) = 3*w**2 + 46*w + 2961. What is the tens digit of q(-69)?
7
Let s be -8 + 13 - 5 - (-1 + 39). Let f = s + -42. What is the hundreds digit of (4/(32/(-138)))/(6/f)?
2
Let o(x) = 51*x - 42. Let j be o(6). Let d = -476 + j. Let y = -49 - d. What is the hundreds digit of y?
1
Let q = 11590 + -7223. What is the hundreds digit of q?
3
Let c(x) = -3*x**3 + 11*x**2 + x - 18. Let l(s) = -2*s**2 + s - 1. Let u(f) = -c(f) + 2*l(f). What is the tens digit of u(7)?
1
Suppose -733915 = -72*m + 704357. What is the tens digit of m?
7
Suppose 456976 + 365588 = 73*v. What is the thousands digit of v?
1
Let k = 126 - 144. Let u be ((-24)/k)/(6/(-63)). Let i = 80 - u. What is the tens digit of i?
9
Let s = 7448 - 3328. Suppose 13*t - 17*t - 2*a = -8240, 2*t - s = a. What is the units digit of t?
0
Let v = -1411 + 5854. Suppose 13*x - v = -1336. What is the tens digit of x?
3
Let a = 84 - 70. Suppose -4*d - 3*u + a + 83 = 0, 15 = 5*u. Suppose d*t - 314 = 20*t. What is the tens digit of t?
5
Suppose -8*o + 2*o + 954 = 0. Suppose -217 = -3*i - 22. Let p = o - i. What is the tens digit of p?
9
Let v = 4056 + 12521. What is the tens digit of v?
7
Let u be 61/1 - (-1 + 4 + -3). Suppose -u*o = -67*o + 1596. What is the units digit of o?
6
Suppose -5*m + 5 = -3*r, -2*r + 8 = 3*m - 14. Suppose -5*t = s - 15, -r*s = -s + 2*t - 6. What is the units digit of -1 + 48 + s + -2?
5
Let b = 77 - 73. Suppose -a + 2*a - b = 0. Suppose 182 = a*k + 2*p, -3*k - 5*p - 47 = -166. What is the tens digit of k?
4
Let j = -30 - -212. Suppose -w + j = 28. Let t = w - 35. What is the units digit of t?
9
Suppose 36*q - 13490 = 33*q - 4*x, -2*x - 18016 = -4*q. What is the hundreds digit of q?
5
Let u(d) = 1 + 6 + 5*d + 2*d. Suppose 0 = 2695*c - 2692*c - 12. What is the tens digit of u(c)?
3
Suppose -61*i + 52*i + 34911 = 0. Suppose 4*h - 984 = -v, 0*v + 3*h = 4*v - i. What is the units digit of v?
2
What is the hundreds digit of (19824/(-5))/(801/(-2670))?
2
Let c(u) = -1615*u - 5207. What is the units digit of c(-14)?
3
Let k = -9300 + 23463. What is the hundreds digit of k?
1
Suppose -3*v = 15, 5*p - 15635 = -57*v + 62*v. What is the thousands digit of p?
3
Suppose -2*h = -10, 0 = 51*l - 53*l + 3*h + 1817. What is the tens digit of l?
1
Let u(i) = 23*i**3 - 3*i**2 + 3*i + 3. Let c = 208 - 205. What is the hundreds digit of u(c)?
6
Suppose -11*m + 404 - 52 = 0. Suppose -4*n - 111 = -n. Let h = m - n. What is the tens digit of h?
6
Suppose -289*i + 392490 = -111*i. What is the thousands digit of i?
2
Suppose 20944 = 4*b - 25677 + 7393. What is the hundreds digit of b?
8
Suppose 3*u = 5*r, -3*u + r + 4 = -8. Let w = u - -3. Suppose 0 = 8*z + w*z - 320. What is the units digit of z?
0
Suppose -19595 = -2*p - 5*y, -52*y + 19545 = 2*p - 57*y. What is the units digit of p?
5
Suppose -n = 2*i - 144, 9*i = 6*i - 5*n + 202. Suppose f - 413 = i. What is the units digit of f?
7
Let j be 4/14 + (22032/21)/3. Let c = j - 230. Let s = c - 35. What is the tens digit of s?
8
What is the hundreds digit of ((-13346)/(-5))/(300/750)?
6
Let k(l) = 2*l**2 + 13*l - 17. Let t(m) = 2*m**2. Let x(v) = -k(v) + 2*t(v). What is the units digit of x(12)?
9
Let v be (-5 - 231/(-45)) + 590/75. Let x(p) = 14*p**2 - 7*p + 45. What is the tens digit of x(v)?
8
What is the units digit of 23/46*(-30054)/(-3)?
9
Let f(r) = 39 + 9*r + 76*r + 27*r + 11*r. What is the units digit of f(4)?
1
What is the tens digit of (-888)/(-60)*114095/38?
3
What is the tens digit of (-4280)/(-321)*4398/8?
3
Let h = 951 - 206. Suppose h = 4*g + 3*o, 3*g - o + 0*o = 575. What is the tens digit of g?
9
Let w(c) = 182*c + 96. Let q be w(8). Suppose -5*o + 3*n = -1554, 23*o - 4*n = 18*o + q. What is the hundreds digit of o?
3
Let c(r) be the first derivative of r**3/3 + 3*r**2/2 - 40*r - 9. What is the tens digit of c(-11)?
4
Suppose d + l - 15 = -0*l, -l + 67 = 5*d. Suppose -d*q + 118 = -675. What is the units digit of q?
1
Let d = 202 + -131. Let t = -49 + d. Suppose t - 181 = -p. What is the tens digit of p?
5
What is the ten thousands digit of 36410368/666 + 2/(-9)?
5
What is the hundreds digit of 4120 - (-5)/20*52?
1
Let a be (-32)/(-48) - 7/(-3). Suppose 3*f + 2 - 25 = -2*t, 0 = a*t - 4*f - 9. Suppose 3*o - t = 5*h - 0*h, 4*o - 4*h - 12 = 0. What is the units digit of o?
4
Suppose 6*w + w - 814 = -4*w. What is the tens digit of w?
7
Let s(t) = 10*t**2 - 102*t - 112. Let n(i) = 7*i**2 - 68*i - 75. Let o(b) = 7*n(b) - 5*s(b). What is the tens digit of o(14)?
1
Suppose 0 = -10*h - 4*h + 17*h - 123111. What is the ten thousands digit of h?
4
Suppose 12*o = 5*s + 9*o - 109885, 0 = -5*o. What is the thousands digit of s?
1
Suppose 49 = -5*x + 4*y, -4*x - 5*y = x + 40. Suppose s = -3*s + h + 8, 0 = -5*s - h + 19. What is the units digit of (x/(-6))/((12/32)/s)?
2
What is the thousands digit of 1092010/22 + (4 - 1344/352)?
9
Let r(o) = o. Let x be r(6). Suppose -q - x*g + 48 = -3*g, 5*q = g + 208. Suppose -40*m = -q*m + 160. What is the tens digit of m?
8
Suppose -5*i - 5*m = -294085, -5*m - 25725 = -3*i + 150750. What is the units digit of i?
0
Suppose 13 = d + 8, -4*g - d = -25. Let b be 166/(-2) + (-8)/(-4). Let c = g - b. What is the units digit of c?
6
Suppose 0 = 5*h + 3*z + 22 - 1, 0 = -2*z - 4. Let b(s) = -168*s + 64. Let q(v) = 8*v - 3. Let w(g) = h*b(g) - 64*q(g). What is the tens digit of w(-10)?
8
Suppose 0 = 22*r - 3*r + 31730. What is the tens digit of 2 + r/(-4) - (-18)/12?
2
Let y = -848 + 473. Let a = -46 - y. What is the hundreds digit of a?
3
Suppose 4*v - 3*f - 24 = 0, -3*v - 4*f + 22 = 4. Suppose -v*a = -15*a + 450. What is the units digit of a?
0
Suppose 2*l = -10, 0*l = 2*g - 3*l - 39. Suppose g*o = 13*o - 2. Suppose o*j - 93 = -0*j + 5*q, j = -4*q + 79. What is the units digit of j?
9
Let u(n) = -n**3 + 68*n**2 + 103*n + 30. What is the tens digit of u(64)?
0
Let w be 7 - (3 + 0) - -3. Suppose 3050 = -w*b + 12759. What is the hundreds digit of b?
3
Let b = 60 - 27. Let n = 59 - b. Suppose -n = -5*a + 399. What is the units digit of a?
5
Let h(z) = z**2 - 62*z + 131. Let j be h(47). What is the thousands digit of (1*-29)/((-4578)/j + -8)?
1
Suppose 3*m + 5*g 